2.
78
Calculate the remainder when 911628 is divided by 1931.
196
What is the remainder when 243506 is divided by 95?
21
Calculate the remainder when 103318 is divided by 49494.
4330
What is the remainder when 1499611 is divided by 5337?
5251
What is the remainder when 547816 is divided by 48?
40
What is the remainder when 626887 is divided by 58?
23
What is the remainder when 2307311267 is divided by 11?
8
What is the remainder when 22743 is divided by 299?
19
What is the remainder when 321144 is divided by 3200?
1144
What is the remainder when 1131645 is divided by 650?
645
Calculate the remainder when 1997350 is divided by 7289.
164
What is the remainder when 3262081 is divided by 814841?
2717
Calculate the remainder when 234352 is divided by 386.
50
What is the remainder when 35172196 is divided by 35172179?
17
Calculate the remainder when 5200 is divided by 428.
64
Calculate the remainder when 10409819 is divided by 3469927.
38
What is the remainder when 1844998 is divided by 738?
736
What is the remainder when 521643 is divided by 104278?
253
Calculate the remainder when 10696574 is divided by 40983.
11
What is the remainder when 250582 is divided by 41094?
4018
Calculate the remainder when 1151161 is divided by 54816.
25
Calculate the remainder when 42124216 is divided by 39.
4
Calculate the remainder when 1192419 is divided by 6852.
171
Calculate the remainder when 79555373 is divided by 18297.
17
What is the remainder when 3799426 is divided by 187?
147
What is the remainder when 29702 is divided by 6821?
2418
What is the remainder when 1607315 is divided by 1402?
623
Calculate the remainder when 19501989 is divided by 6500660.
9
What is the remainder when 29109 is divided by 54?
3
What is the remainder when 296280093 is divided by 383286?
15
What is the remainder when 2326140 is divided by 17?
13
Calculate the remainder when 97413093 is divided by 11.
8
Calculate the remainder when 224549 is divided by 4586.
4421
Calculate the remainder when 24975519 is divided by 41.
0
Calculate the remainder when 108448 is divided by 17290.
4708
Calculate the remainder when 98467 is divided by 1502.
837
What is the remainder when 7136298 is divided by 1979?
24
What is the remainder when 3816704 is divided by 793?
788
What is the remainder when 396786 is divided by 44087?
3
Calculate the remainder when 10027418 is divided by 204641.
9
Calculate the remainder when 2642004 is divided by 440332.
12
Calculate the remainder when 162587 is divided by 515.
362
Calculate the remainder when 3917042 is divided by 525.
17
What is the remainder when 101130 is divided by 24161?
4486
What is the remainder when 2071816 is divided by 3008?
2312
What is the remainder when 207698729 is divided by 212?
209
Calculate the remainder when 2377114 is divided by 1035.
754
Calculate the remainder when 3186822 is divided by 3344.
3334
What is the remainder when 56948 is divided by 14200?
148
Calculate the remainder when 1125160 is divided by 281284.
24
Calculate the remainder when 2502875 is divided by 653.
579
What is the remainder when 109805 is divided by 1996?
25
Calculate the remainder when 118739748 is divided by 23.
17
Calculate the remainder when 8870478 is divided by 1041.
117
Calculate the remainder when 1093090 is divided by 207.
130
Calculate the remainder when 1438332 is divided by 76.
32
What is the remainder when 29897 is divided by 13638?
2621
Calculate the remainder when 5773071 is divided by 436.
431
Calculate the remainder when 550890 is divided by 18491.
14651
What is the remainder when 296388 is divided by 15594?
102
What is the remainder when 54675 is divided by 17499?
2178
Calculate the remainder when 186389136 is divided by 1693.
1687
Calculate the remainder when 3043323 is divided by 469.
451
What is the remainder when 17084572 is divided by 13?
11
Calculate the remainder when 78082099 is divided by 755.
754
What is the remainder when 7574149 is divided by 943?
916
What is the remainder when 1370418 is divided by 42?
0
What is the remainder when 258002692 is divided by 13?
12
What is the remainder when 4312316 is divided by 511?
498
What is the remainder when 678310 is divided by 1127?
983
Calculate the remainder when 1042930 is divided by 7506.
7102
What is the remainder when 18022845 is divided by 172?
169
Calculate the remainder when 6164336 is divided by 5810.
5736
What is the remainder when 15578 is divided by 14124?
1454
What is the remainder when 9359266 is divided by 1811?
18
What is the remainder when 28531 is divided by 281?
150
Calculate the remainder when 83224 is divided by 704.
152
Calculate the remainder when 428653 is divided by 57.
13
Calculate the remainder when 25659 is divided by 1341.
180
Calculate the remainder when 1016830 is divided by 568.
110
Calculate the remainder when 3027 is divided by 63.
3
Calculate the remainder when 6623255 is divided by 6623250.
5
Calculate the remainder when 5405319 is divided by 1801736.
111
What is the remainder when 1991042 is divided by 505?
332
Calculate the remainder when 11240079 is divided by 1849.
8
What is the remainder when 42416298 is divided by 19?
14
What is the remainder when 13316024 is divided by 868?
36
Calculate the remainder when 99207949 is divided by 1397.
1391
Calculate the remainder when 4147579 is divided by 1036886.
35
What is the remainder when 57872132 is divided by 168?
164
What is the remainder when 52458 is divided by 460?
18
Calculate the remainder when 534456 is divided by 1223.
5
What is the remainder when 4443126 is divided by 12240?
6
Calculate the remainder when 17682082 is divided by 27.
25
What is the remainder when 1302316 is divided by 1358?
1352
Calculate the remainder when 624551 is divided by 8554.
109
What is the remainder when 260160 is divided by 211?
208
Calculate the remainder when 3141605 is divided by 553.
12
Calculate the remainder when 3656921 is divided by 361.
352
Calculate the remainder when 4285762 is divided by 287.
278
Calculate the remainder when 28246719 is divided by 103.
102
Calculate the remainder when 111334 is divided by 752.
38
Calculate the remainder when 133103 is divided by 26609.
58
What is the remainder when 1115686 is divided by 23738?
0
What is the remainder when 74778 is divided by 68027?
6751
Calculate the remainder when 332858 is divided by 14462.
232
What is the remainder when 706791791 is divided by 532?
531
Calculate the remainder when 169387 is divided by 34.
33
What is the remainder when 53051 is divided by 13058?
819
What is the remainder when 1100103 is divided by 1100074?
29
What is the remainder when 4074030 is divided by 215?
210
What is the remainder when 422296 is divided by 4101?
3994
What is the remainder when 413528 is divided by 45936?
104
Calculate the remainder when 880783 is divided by 331.
323
What is the remainder when 2230987 is divided by 267?
202
What is the remainder when 55422850 is divided by 49?
28
Calculate the remainder when 1124349 is divided by 3962.
3103
Calculate the remainder when 11636033 is divided by 1601.
1566
What is the remainder when 143213 is divided by 28432?
1053
What is the remainder when 473452 is divided by 157743?
223
What is the remainder when 3928339 is divided by 3964?
15
What is the remainder when 3189892 is divided by 1372?
1364
Calculate the remainder when 3497359 is divided by 143.
8
Calculate the remainder when 9273 is divided by 9264.
9
What is the remainder when 2365603 is divided by 140?
23
Calculate the remainder when 672186 is divided by 320.
186
What is the remainder when 229306 is divided by 17636?
38
Calculate the remainder when 5590749 is divided by 2377.
45
Calculate the remainder when 1424125 is divided by 203446.
3
What is the remainder when 17560 is divided by 15630?
1930
What is the remainder when 6464084 is divided by 5787?
5
What is the remainder when 4189795 is divided by 185?
100
What is the remainder when 25418046 is divided by 116?
10
Calculate the remainder when 406442 is divided by 3765.
3587
Calculate the remainder when 256325 is divided by 51172.
465
Calculate the remainder when 489321 is divided by 797.
760
What is the remainder when 449726 is divided by 29980?
26
Calculate the remainder when 21984062 is divided by 202.
200
Calculate the 